{"id":357,"date":"2016-11-02T17:55:06","date_gmt":"2016-11-02T08:55:06","guid":{"rendered":"http:\/\/tetsuya.main.jp\/word\/?page_id=357"},"modified":"2016-11-03T23:22:19","modified_gmt":"2016-11-03T14:22:19","slug":"2016%e3%80%80%e5%80%8b%e5%b1%95-2","status":"publish","type":"page","link":"http:\/\/tetsuya.main.jp\/word\/%e5%b1%95%e7%a4%ba\/2016%e3%80%80%e5%80%8b%e5%b1%95-2\/","title":{"rendered":"2016\u3000\u500b\u5c55Idzugahara rank\u0173 darbo popierius \/ Izugahara handmade paper \/ Tetsuya Takizawa  \u51fa\u30f6\u539f\u548c\u7d19\/\u6edd\u6fa4\u5fb9\u4e5f"},"content":{"rendered":"<p><img loading=\"lazy\" class=\"wp-image-358 aligncenter\" src=\"http:\/\/tetsuya.main.jp\/word\/wp-content\/uploads\/2016\/11\/14642405_584697341714486_1111229079645226767_n-212x300.jpg\" alt=\"14642405_584697341714486_1111229079645226767_n\" width=\"601\" height=\"850\" srcset=\"http:\/\/tetsuya.main.jp\/word\/wp-content\/uploads\/2016\/11\/14642405_584697341714486_1111229079645226767_n-212x300.jpg 212w, http:\/\/tetsuya.main.jp\/word\/wp-content\/uploads\/2016\/11\/14642405_584697341714486_1111229079645226767_n.jpg 679w\" sizes=\"(max-width: 601px) 100vw, 601px\" \/><\/p>\n<p>Japonijos\u00a0Fuku\u0161imos\u00a0prefekt\u016broje,\u00a0Ni\u0161iAidzu\u00a0vietov\u0117je\u00a0gamintas\u00a0\u00a0Idzugahara\u00a0rank\u0173\u00a0darbo\u00a0popierius\u00a0anks\u010diau\u00a0\u00a0buvo\u00a0gerai\u00a0\u017einomas\u00a0ir\u00a0vertinamas,\u00a0ta\u010diau\u00a0dabar\u00a0jo\u00a0gamybos\u00a0technologija\u00a0u\u017emir\u0161ta.\u00a0Menininkas\u00a0Tetsuya\u00a0Takizawa\u00a0stengiasi\u00a0atgaivinti\u00a0\u00a0Izugahara\u00a0popieriaus\u00a0technologij\u0105\u00a0ir\u00a0pritaikyti\u00a0kuriant\u00a0\u0161iuolaikinio\u00a0meno\u00a0objektus.<\/p>\n<p>Parodoje\u00a0eksponuojamas\u00a0popierius,\u00a0sukurtas\u00a0drauge\u00a0su\u00a0Vilniaus\u00a0dail\u0117s\u00a0akademijos\u00a0Tekstil\u0117s\u00a0katedros\u00a0magistrantais\u00a0Lietuvos\u00a0gamtin\u0117je\u00a0aplinkoje,\u00a0Nidos\u00a0meno\u00a0kolonijoje,\u00a0panaudojant\u00a0i\u0161\u00a0Japonijos\u00a0atsive\u017etas\u00a0med\u017eiagas\u00a0ir\u00a0\u012frankius.\u00a0Greta\u00a0pristatomi\u00a0Japonijoje,\u00a0Indijoje\u00a0ir\u00a0Norvegijoje\u00a0sukurti\u00a0Tetsuya\u00a0Takizawa\u00a0darbai.\u00a0\u0160ia\u00a0paroda\u00a0autorius\u00a0siekia\u00a0\u00a0parodyti\u00a0tradicini\u0173\u00a0amat\u0173,\u00a0\u0161iuolaikin\u0117s\u00a0menin\u0117s\u00a0rai\u0161kos\u00a0ir\u00a0gamtin\u0117s\u00a0aplinkos\u00a0darn\u0105.<\/p>\n<p>\u51fa\u30f6\u539f\u7d19\u306f\u4f1a\u6d25\u85e9\u306e\u6709\u540d\u306a\u7d19\u3067\u3057\u305f\u3001\u73fe\u5728\u3001\u6edd\u6fa4\u306f\u305d\u306e\u6280\u8853\u306e\u5fa9\u5143\u904e\u7a0b\u3092\u73fe\u4ee3\u30a2\u30fc\u30c8\u3068\u3057\u3066\u63d0\u793a\u3059\u308b\u30d7\u30ed\u30b8\u30a7\u30af\u30c8\u306b\u95a2\u308f\u3063\u3066\u304a\u308a\u307e\u3059\u3002\u79c1\u306f\u51fa\u30f6\u539f\u7d19\u306e\u6750\u6599\u3092\u65e5\u672c\u304b\u3089\u6301\u3061\u8fbc\u307f\u30ea\u30c8\u30a2\u30cb\u30a2\u306e\u81ea\u7136\u74b0\u5883\u306e\u4e2d\u3067\u5b66\u751f\u3068\u5171\u306b\u7d19\u3092\u6f09\u304d\u3001\u65e5\u672c\u304b\u3089\u6301\u3061\u8fbc\u3093\u3060\u51fa\u30f6\u539f\u548c\u7d19\u3084\u305d\u306e\u7528\u5177\u307e\u305f\u3001\u30a4\u30f3\u30c9\u3084\u30ce\u30eb\u30a8\u30fc\u306a\u3069\u3001\u307b\u304b\u306e\u571f\u5730\u3067\u306e\u79c1\u306e\u4ed5\u4e8b\u3068\u5171\u306b\u5c55\u793a\u3057\u305f\u3044\u3068\u8003\u3048\u3066\u3044\u307e\u3059\u3002\u305d\u308c\u306f\u4f1d\u7d71\u5de5\u82b8\u3068\u73fe\u4ee3\u7684\u306a\u8868\u73fe\u3001\u305d\u3057\u3066\u571f\u5730\u306e\u95a2\u4fc2\u306e\u30b5\u30f3\u30d7\u30eb\u3067\u3042\u308b\u3068\u8003\u3048\u3066\u3044\u307e\u3059\u3002<\/p>\n<p><img loading=\"lazy\" class=\"alignnone wp-image-386\" src=\"http:\/\/tetsuya.main.jp\/word\/wp-content\/uploads\/2016\/11\/14680543_589793264538227_1639837807254924353_n-300x199.jpg\" alt=\"14680543_589793264538227_1639837807254924353_n\" width=\"400\" height=\"266\" srcset=\"http:\/\/tetsuya.main.jp\/word\/wp-content\/uploads\/2016\/11\/14680543_589793264538227_1639837807254924353_n-300x199.jpg 300w, http:\/\/tetsuya.main.jp\/word\/wp-content\/uploads\/2016\/11\/14680543_589793264538227_1639837807254924353_n.jpg 370w\" sizes=\"(max-width: 400px) 100vw, 400px\" \/> <img loading=\"lazy\" class=\"alignnone wp-image-385\" src=\"http:\/\/tetsuya.main.jp\/word\/wp-content\/uploads\/2016\/11\/14717175_589793647871522_2161464818552349579_n-300x200.jpg\" alt=\"14717175_589793647871522_2161464818552349579_n\" width=\"395\" height=\"263\" srcset=\"http:\/\/tetsuya.main.jp\/word\/wp-content\/uploads\/2016\/11\/14717175_589793647871522_2161464818552349579_n-300x200.jpg 300w, http:\/\/tetsuya.main.jp\/word\/wp-content\/uploads\/2016\/11\/14717175_589793647871522_2161464818552349579_n-768x512.jpg 768w, http:\/\/tetsuya.main.jp\/word\/wp-content\/uploads\/2016\/11\/14717175_589793647871522_2161464818552349579_n.jpg 960w\" sizes=\"(max-width: 395px) 100vw, 395px\" \/> <img loading=\"lazy\" class=\"alignnone wp-image-384\" src=\"http:\/\/tetsuya.main.jp\/word\/wp-content\/uploads\/2016\/11\/14725592_589793814538172_5894223593629550732_n-300x200.jpg\" alt=\"14725592_589793814538172_5894223593629550732_n\" width=\"401\" height=\"267\" srcset=\"http:\/\/tetsuya.main.jp\/word\/wp-content\/uploads\/2016\/11\/14725592_589793814538172_5894223593629550732_n-300x200.jpg 300w, http:\/\/tetsuya.main.jp\/word\/wp-content\/uploads\/2016\/11\/14725592_589793814538172_5894223593629550732_n-768x512.jpg 768w, http:\/\/tetsuya.main.jp\/word\/wp-content\/uploads\/2016\/11\/14725592_589793814538172_5894223593629550732_n.jpg 960w\" sizes=\"(max-width: 401px) 100vw, 401px\" \/> <img loading=\"lazy\" class=\"alignnone wp-image-383\" src=\"http:\/\/tetsuya.main.jp\/word\/wp-content\/uploads\/2016\/11\/14642287_589794031204817_6795760182058614739_n-300x200.jpg\" alt=\"14642287_589794031204817_6795760182058614739_n\" width=\"397\" height=\"264\" srcset=\"http:\/\/tetsuya.main.jp\/word\/wp-content\/uploads\/2016\/11\/14642287_589794031204817_6795760182058614739_n-300x200.jpg 300w, http:\/\/tetsuya.main.jp\/word\/wp-content\/uploads\/2016\/11\/14642287_589794031204817_6795760182058614739_n-768x512.jpg 768w, http:\/\/tetsuya.main.jp\/word\/wp-content\/uploads\/2016\/11\/14642287_589794031204817_6795760182058614739_n.jpg 960w\" sizes=\"(max-width: 397px) 100vw, 397px\" \/> <img loading=\"lazy\" class=\"alignnone wp-image-382\" src=\"http:\/\/tetsuya.main.jp\/word\/wp-content\/uploads\/2016\/11\/14708270_589794871204733_2763613118710867238_n-300x200.jpg\" alt=\"14708270_589794871204733_2763613118710867238_n\" width=\"401\" height=\"267\" srcset=\"http:\/\/tetsuya.main.jp\/word\/wp-content\/uploads\/2016\/11\/14708270_589794871204733_2763613118710867238_n-300x200.jpg 300w, http:\/\/tetsuya.main.jp\/word\/wp-content\/uploads\/2016\/11\/14708270_589794871204733_2763613118710867238_n-768x512.jpg 768w, http:\/\/tetsuya.main.jp\/word\/wp-content\/uploads\/2016\/11\/14708270_589794871204733_2763613118710867238_n.jpg 960w\" sizes=\"(max-width: 401px) 100vw, 401px\" \/> <img loading=\"lazy\" class=\"alignnone wp-image-381\" src=\"http:\/\/tetsuya.main.jp\/word\/wp-content\/uploads\/2016\/11\/14705862_587836491400571_7633971841709484238_n-300x200.jpg\" alt=\"14705862_587836491400571_7633971841709484238_n\" width=\"401\" height=\"267\" srcset=\"http:\/\/tetsuya.main.jp\/word\/wp-content\/uploads\/2016\/11\/14705862_587836491400571_7633971841709484238_n-300x200.jpg 300w, http:\/\/tetsuya.main.jp\/word\/wp-content\/uploads\/2016\/11\/14705862_587836491400571_7633971841709484238_n-768x512.jpg 768w, http:\/\/tetsuya.main.jp\/word\/wp-content\/uploads\/2016\/11\/14705862_587836491400571_7633971841709484238_n.jpg 960w\" sizes=\"(max-width: 401px) 100vw, 401px\" \/> <img loading=\"lazy\" class=\"alignnone wp-image-380\" src=\"http:\/\/tetsuya.main.jp\/word\/wp-content\/uploads\/2016\/11\/14695568_587835874733966_5147478116420736900_n-300x200.jpg\" alt=\"14695568_587835874733966_5147478116420736900_n\" width=\"815\" height=\"543\" srcset=\"http:\/\/tetsuya.main.jp\/word\/wp-content\/uploads\/2016\/11\/14695568_587835874733966_5147478116420736900_n-300x200.jpg 300w, http:\/\/tetsuya.main.jp\/word\/wp-content\/uploads\/2016\/11\/14695568_587835874733966_5147478116420736900_n-768x512.jpg 768w, http:\/\/tetsuya.main.jp\/word\/wp-content\/uploads\/2016\/11\/14695568_587835874733966_5147478116420736900_n.jpg 960w\" sizes=\"(max-width: 815px) 100vw, 815px\" \/><\/p>\n<p>Paroda \/ Exhibition<br \/>\nIdzugahara rank\u0173 darbo popierius \/ Izugahara handmade paper \/ Tetsuya Takizawa\u51fa\u30f6\u539f\u548c\u7d19\/\u6edd\u6fa4\u5fb9\u4e5f<\/p>\n<div class=\"text_exposed_show\">\n<p>\u4e3b\u50ac\uff1a\u30f4\u30a3\u30ea\u30cb\u30e5\u30b9\u7f8e\u8853\u5927\u5b66\u3001\u30cb\u30c0\u30fb\u30a2\u30fc\u30c8\u30fb\u30b3\u30ed\u30cb\u30fc\u3001NPO\u897f\u4f1a\u6d25\u56fd\u969b\u82b8\u8853\u6751\u3001\u30ae\u30e3\u30e9\u30ea\u30fc space S<br \/>\n\u5354\u529b\uff1a\u5728\u30ea\u30c8\u30a2\u30cb\u30a2\u65e5\u672c\u5927\u4f7f\u9928\u3001\u30f4\u30a3\u30ea\u30cb\u30e5\u30b9\u5927\u5b66\u30a2\u30b8\u30a2\u7814\u7a76\u30bb\u30f3\u30bf\u30fc\u3001\u65e5\u672c\u30fb\u30ea\u30c8\u30a2\u30cb\u30a2\u53cb\u597d\u5354\u4f1a\u3001\u30ea\u30c8\u30a2\u30cb\u30a2\u30fb\u65e5\u672c\u5354\u4f1a\u3001\uff2e\uff30\uff2f\u3000\u201cKiti krantai\u201d<br \/>\n\u52a9\u6210\uff1a\u56fd\u969b\u4ea4\u6d41\u57fa\u91d1\u3001EU\u30fb\u30b8\u30e3\u30d1\u30f3\u30d5\u30a7\u30b9\u30c8\u65e5\u672c\u59d4\u54e1\u4f1a<\/p>\n<p>2016 m. spalio 15\u201321 d.<\/p>\n<p>Vilniaus dail\u0117s akademijos meno erdv\u0117 \u201e5 mal\u016bnai\u201c \/<\/p>\n<p>Vilnius Academy of Arts Gallery \u30fb Mal\u016bn\u0173 g. 5, Vilnius<\/p>\n<p>Galerija atidaryta \/ Opening hours 10.00\u201320.00<\/p>\n<p>Organizatoriai\/ Organizers<\/p>\n<p>Vilniaus dail\u0117s akademija, Nidos meno kolonija, Ni\u0161iaidzu tarptautinis men\u0173 kaimelis (Fuku\u0161imos pref.), Galerija space S, Tokijas \/<\/p>\n<p>Partneriai\/ Partners<\/p>\n<p>Vilniaus universiteto Orientalistikos centras, Japonijos-Lietuvos draugyst\u0117s asociacija, Lietuvos-Japonijos asociacija, V\u0161\u012e\u201eKiti krantai\u201c<\/p>\n<p>R\u0117m\u0117jai\/ Sponsors\/ \u52a9\u6210<br \/>\nJapan Foundation, EU-Japan Fest Japan Committee<\/p>\n<p>Renginiai \/ Related events \/\u3000\u95a2\u9023\u3059\u308b\u30a4\u30d9\u30f3\u30c8<\/p>\n<p>Spalio 19 d. \/ October 19 Vilniaus universiteto Orientalistikos centras \/<br \/>\n\u30f4\u30a3\u30ea\u30cb\u30e5\u30b9\u5927\u5b66\u30a2\u30b8\u30a2\u7814\u7a76\u30bb\u30f3\u30bf\u30fc<\/p>\n<p>15:00-16:00 Paskaita Popierius washi Tetsuya Takizawa k\u016bryboje \/ Japon\u0173 \u2013lietuvi\u0173 k.<br \/>\n\u30a2\u30fc\u30c6\u30a3\u30b9\u30c8\u30fb\u30c8\u30fc\u30af \/ \u65e5\u672c\u8a9e\u3001\u30ea\u30c8\u30a2\u30cb\u30a2\u8a9e\u8a33<\/p>\n<p>Spalio 20 d. \/ October 20 Meno erdv\u0117 \u201e5 mal\u016bnai\u201c \/ Gallery Mal\u016bn\u0173 g. 5<br \/>\n12:00\u201313:00 Paskaita Ni\u0161i\u2013Aidzu, popieriaus istorija ir \u0161iuolaikinis menas \/ Angl\u0173 k.<br \/>\nArtist\u2019s talk: Nishi-Aizu, the history of paper and contemporary art \/ In English<br \/>\n\u30a2\u30fc\u30c6\u30a3\u30b9\u30c8\u30fb\u30c8\u30fc\u30af \u300c\u897f\u4f1a\u6d25\u3001\u548c\u7d19\u3084\u73fe\u4ee3\u7f8e\u8853\u300d\/ \u82f1\u8a9e<br \/>\n14:00\u201316:00 Japon\u0173 rank\u0173 darbo popieriaus washi gamybos demonstravimas \/ Angl\u0173 k.<br \/>\nDemonstration of Japanese handmade paper washi techniques \/ In English<br \/>\n\u51fa\u30f6\u539f\u548c\u7d19\u30c7\u30e2\u30f3\u30b9\u30c8\u30ec\u30fc\u30b7\u30e7\u30f3 \/ \u82f1\u8a9e<br \/>\n17:00 Parodos u\u017edarymas \/ Closing of the exhibition \/ \u9589\u4f1a\u5f0f<\/p>\n<\/div>\n<p>&nbsp;<\/p>\n\n\t\t<style type=\"text\/css\">\n\t\t\t#gallery-1 {\n\t\t\t\tmargin: auto;\n\t\t\t}\n\t\t\t#gallery-1 .gallery-item {\n\t\t\t\tfloat: left;\n\t\t\t\tmargin-top: 10px;\n\t\t\t\ttext-align: center;\n\t\t\t\twidth: 33%;\n\t\t\t}\n\t\t\t#gallery-1 img {\n\t\t\t\tborder: 2px solid #cfcfcf;\n\t\t\t}\n\t\t\t#gallery-1 .gallery-caption {\n\t\t\t\tmargin-left: 0;\n\t\t\t}\n\t\t\t\/* see gallery_shortcode() in wp-includes\/media.php *\/\n\t\t<\/style>\n\t\t<div id='gallery-1' class='gallery galleryid-357 gallery-columns-3 gallery-size-thumbnail'><dl class='gallery-item'>\n\t\t\t<dt class='gallery-icon landscape'>\n\t\t\t\t<a href='http:\/\/tetsuya.main.jp\/word\/%e5%b1%95%e7%a4%ba\/2016%e3%80%80%e5%80%8b%e5%b1%95-2\/14680543_589793264538227_1639837807254924353_n\/'><img width=\"150\" height=\"150\" src=\"http:\/\/tetsuya.main.jp\/word\/wp-content\/uploads\/2016\/11\/14680543_589793264538227_1639837807254924353_n-150x150.jpg\" class=\"attachment-thumbnail size-thumbnail\" alt=\"\" loading=\"lazy\" srcset=\"http:\/\/tetsuya.main.jp\/word\/wp-content\/uploads\/2016\/11\/14680543_589793264538227_1639837807254924353_n-150x150.jpg 150w, http:\/\/tetsuya.main.jp\/word\/wp-content\/uploads\/2016\/11\/14680543_589793264538227_1639837807254924353_n-200x200.jpg 200w, http:\/\/tetsuya.main.jp\/word\/wp-content\/uploads\/2016\/11\/14680543_589793264538227_1639837807254924353_n-120x120.jpg 120w\" sizes=\"(max-width: 150px) 100vw, 150px\" \/><\/a>\n\t\t\t<\/dt><\/dl><dl class='gallery-item'>\n\t\t\t<dt class='gallery-icon landscape'>\n\t\t\t\t<a href='http:\/\/tetsuya.main.jp\/word\/%e5%b1%95%e7%a4%ba\/2016%e3%80%80%e5%80%8b%e5%b1%95-2\/14717175_589793647871522_2161464818552349579_n\/'><img width=\"150\" height=\"150\" src=\"http:\/\/tetsuya.main.jp\/word\/wp-content\/uploads\/2016\/11\/14717175_589793647871522_2161464818552349579_n-150x150.jpg\" class=\"attachment-thumbnail size-thumbnail\" alt=\"\" loading=\"lazy\" srcset=\"http:\/\/tetsuya.main.jp\/word\/wp-content\/uploads\/2016\/11\/14717175_589793647871522_2161464818552349579_n-150x150.jpg 150w, http:\/\/tetsuya.main.jp\/word\/wp-content\/uploads\/2016\/11\/14717175_589793647871522_2161464818552349579_n-200x200.jpg 200w, http:\/\/tetsuya.main.jp\/word\/wp-content\/uploads\/2016\/11\/14717175_589793647871522_2161464818552349579_n-120x120.jpg 120w\" sizes=\"(max-width: 150px) 100vw, 150px\" \/><\/a>\n\t\t\t<\/dt><\/dl><dl class='gallery-item'>\n\t\t\t<dt class='gallery-icon landscape'>\n\t\t\t\t<a href='http:\/\/tetsuya.main.jp\/word\/%e5%b1%95%e7%a4%ba\/2016%e3%80%80%e5%80%8b%e5%b1%95-2\/14725592_589793814538172_5894223593629550732_n\/'><img width=\"150\" height=\"150\" src=\"http:\/\/tetsuya.main.jp\/word\/wp-content\/uploads\/2016\/11\/14725592_589793814538172_5894223593629550732_n-150x150.jpg\" class=\"attachment-thumbnail size-thumbnail\" alt=\"\" loading=\"lazy\" srcset=\"http:\/\/tetsuya.main.jp\/word\/wp-content\/uploads\/2016\/11\/14725592_589793814538172_5894223593629550732_n-150x150.jpg 150w, http:\/\/tetsuya.main.jp\/word\/wp-content\/uploads\/2016\/11\/14725592_589793814538172_5894223593629550732_n-200x200.jpg 200w, http:\/\/tetsuya.main.jp\/word\/wp-content\/uploads\/2016\/11\/14725592_589793814538172_5894223593629550732_n-120x120.jpg 120w\" sizes=\"(max-width: 150px) 100vw, 150px\" \/><\/a>\n\t\t\t<\/dt><\/dl><br style=\"clear: both\" \/><dl class='gallery-item'>\n\t\t\t<dt class='gallery-icon landscape'>\n\t\t\t\t<a href='http:\/\/tetsuya.main.jp\/word\/%e5%b1%95%e7%a4%ba\/2016%e3%80%80%e5%80%8b%e5%b1%95-2\/14642287_589794031204817_6795760182058614739_n\/'><img width=\"150\" height=\"150\" src=\"http:\/\/tetsuya.main.jp\/word\/wp-content\/uploads\/2016\/11\/14642287_589794031204817_6795760182058614739_n-150x150.jpg\" class=\"attachment-thumbnail size-thumbnail\" alt=\"\" loading=\"lazy\" srcset=\"http:\/\/tetsuya.main.jp\/word\/wp-content\/uploads\/2016\/11\/14642287_589794031204817_6795760182058614739_n-150x150.jpg 150w, http:\/\/tetsuya.main.jp\/word\/wp-content\/uploads\/2016\/11\/14642287_589794031204817_6795760182058614739_n-200x200.jpg 200w, http:\/\/tetsuya.main.jp\/word\/wp-content\/uploads\/2016\/11\/14642287_589794031204817_6795760182058614739_n-120x120.jpg 120w\" sizes=\"(max-width: 150px) 100vw, 150px\" \/><\/a>\n\t\t\t<\/dt><\/dl><dl class='gallery-item'>\n\t\t\t<dt class='gallery-icon landscape'>\n\t\t\t\t<a href='http:\/\/tetsuya.main.jp\/word\/%e5%b1%95%e7%a4%ba\/2016%e3%80%80%e5%80%8b%e5%b1%95-2\/14708270_589794871204733_2763613118710867238_n\/'><img width=\"150\" height=\"150\" src=\"http:\/\/tetsuya.main.jp\/word\/wp-content\/uploads\/2016\/11\/14708270_589794871204733_2763613118710867238_n-150x150.jpg\" class=\"attachment-thumbnail size-thumbnail\" alt=\"\" loading=\"lazy\" srcset=\"http:\/\/tetsuya.main.jp\/word\/wp-content\/uploads\/2016\/11\/14708270_589794871204733_2763613118710867238_n-150x150.jpg 150w, http:\/\/tetsuya.main.jp\/word\/wp-content\/uploads\/2016\/11\/14708270_589794871204733_2763613118710867238_n-200x200.jpg 200w, http:\/\/tetsuya.main.jp\/word\/wp-content\/uploads\/2016\/11\/14708270_589794871204733_2763613118710867238_n-120x120.jpg 120w\" sizes=\"(max-width: 150px) 100vw, 150px\" \/><\/a>\n\t\t\t<\/dt><\/dl><dl class='gallery-item'>\n\t\t\t<dt class='gallery-icon landscape'>\n\t\t\t\t<a href='http:\/\/tetsuya.main.jp\/word\/%e5%b1%95%e7%a4%ba\/2016%e3%80%80%e5%80%8b%e5%b1%95-2\/14705862_587836491400571_7633971841709484238_n\/'><img width=\"150\" height=\"150\" src=\"http:\/\/tetsuya.main.jp\/word\/wp-content\/uploads\/2016\/11\/14705862_587836491400571_7633971841709484238_n-150x150.jpg\" class=\"attachment-thumbnail size-thumbnail\" alt=\"\" loading=\"lazy\" srcset=\"http:\/\/tetsuya.main.jp\/word\/wp-content\/uploads\/2016\/11\/14705862_587836491400571_7633971841709484238_n-150x150.jpg 150w, http:\/\/tetsuya.main.jp\/word\/wp-content\/uploads\/2016\/11\/14705862_587836491400571_7633971841709484238_n-200x200.jpg 200w, http:\/\/tetsuya.main.jp\/word\/wp-content\/uploads\/2016\/11\/14705862_587836491400571_7633971841709484238_n-120x120.jpg 120w\" sizes=\"(max-width: 150px) 100vw, 150px\" \/><\/a>\n\t\t\t<\/dt><\/dl><br style=\"clear: both\" \/><dl class='gallery-item'>\n\t\t\t<dt class='gallery-icon landscape'>\n\t\t\t\t<a href='http:\/\/tetsuya.main.jp\/word\/%e5%b1%95%e7%a4%ba\/2016%e3%80%80%e5%80%8b%e5%b1%95-2\/14695568_587835874733966_5147478116420736900_n\/'><img width=\"150\" height=\"150\" src=\"http:\/\/tetsuya.main.jp\/word\/wp-content\/uploads\/2016\/11\/14695568_587835874733966_5147478116420736900_n-150x150.jpg\" class=\"attachment-thumbnail size-thumbnail\" alt=\"\" loading=\"lazy\" srcset=\"http:\/\/tetsuya.main.jp\/word\/wp-content\/uploads\/2016\/11\/14695568_587835874733966_5147478116420736900_n-150x150.jpg 150w, http:\/\/tetsuya.main.jp\/word\/wp-content\/uploads\/2016\/11\/14695568_587835874733966_5147478116420736900_n-200x200.jpg 200w, http:\/\/tetsuya.main.jp\/word\/wp-content\/uploads\/2016\/11\/14695568_587835874733966_5147478116420736900_n-120x120.jpg 120w\" sizes=\"(max-width: 150px) 100vw, 150px\" \/><\/a>\n\t\t\t<\/dt><\/dl>\n\t\t\t<br style='clear: both' \/>\n\t\t<\/div>\n\n","protected":false},"excerpt":{"rendered":"Japonijos\u00a0Fuku\u0161imos\u00a0prefekt\u016broje,\u00a0Ni\u0161iAidzu\u00a0vietov\u0117je\u00a0gamintas\u00a0\u00a0Idzugahara\u00a0rank\u0173\u00a0darbo\u00a0popierius\u00a0anks\u010diau\u00a0\u00a0buv [&hellip;]","protected":false},"author":1,"featured_media":0,"parent":79,"menu_order":0,"comment_status":"closed","ping_status":"closed","template":"","meta":[],"_links":{"self":[{"href":"http:\/\/tetsuya.main.jp\/word\/wp-json\/wp\/v2\/pages\/357"}],"collection":[{"href":"http:\/\/tetsuya.main.jp\/word\/wp-json\/wp\/v2\/pages"}],"about":[{"href":"http:\/\/tetsuya.main.jp\/word\/wp-json\/wp\/v2\/types\/page"}],"author":[{"embeddable":true,"href":"http:\/\/tetsuya.main.jp\/word\/wp-json\/wp\/v2\/users\/1"}],"replies":[{"embeddable":true,"href":"http:\/\/tetsuya.main.jp\/word\/wp-json\/wp\/v2\/comments?post=357"}],"version-history":[{"count":8,"href":"http:\/\/tetsuya.main.jp\/word\/wp-json\/wp\/v2\/pages\/357\/revisions"}],"predecessor-version":[{"id":391,"href":"http:\/\/tetsuya.main.jp\/word\/wp-json\/wp\/v2\/pages\/357\/revisions\/391"}],"up":[{"embeddable":true,"href":"http:\/\/tetsuya.main.jp\/word\/wp-json\/wp\/v2\/pages\/79"}],"wp:attachment":[{"href":"http:\/\/tetsuya.main.jp\/word\/wp-json\/wp\/v2\/media?parent=357"}],"curies":[{"name":"wp","href":"https:\/\/api.w.org\/{rel}","templated":true}]}}